, 1163
What are the prime factors of 18811935?
3, 5, 418043
List the prime factors of 150134.
2, 271, 277
What are the prime factors of 1471496?
2, 13, 14149
List the prime factors of 314083.
7, 11, 4079
What are the prime factors of 151095?
3, 5, 7, 1439
List the prime factors of 399213.
3, 44357
What are the prime factors of 3133899?
3, 17, 20483
What are the prime factors of 148073?
148073
What are the prime factors of 172239?
3, 57413
List the prime factors of 1077923.
7, 11, 13999
List the prime factors of 152145.
3, 5, 7, 23
What are the prime factors of 3641979?
3, 11, 79, 127
List the prime factors of 16596.
2, 3, 461
What are the prime factors of 507050?
2, 5, 10141
List the prime factors of 6674250.
2, 3, 5, 11, 809
What are the prime factors of 152350?
2, 5, 11, 277
What are the prime factors of 3780595?
5, 7, 13, 1187
List the prime factors of 2416891.
67, 36073
What are the prime factors of 1735715?
5, 347143
List the prime factors of 965307.
3, 7, 43, 1069
What are the prime factors of 217739?
217739
What are the prime factors of 13623763?
13623763
What are the prime factors of 8276675?
5, 11, 30097
List the prime factors of 3414808.
2, 29, 41, 359
List the prime factors of 28913454.
2, 3, 1229, 1307
List the prime factors of 500582.
2, 17, 14723
List the prime factors of 2286.
2, 3, 127
List the prime factors of 707229.
3, 179, 439
List the prime factors of 570406.
2, 307, 929
List the prime factors of 254978.
2, 23, 241
List the prime factors of 4032670.
2, 5, 403267
List the prime factors of 53627.
7, 47, 163
List the prime factors of 3091556.
2, 13, 59453
What are the prime factors of 11027343?
3, 3675781
List the prime factors of 1423541.
7, 203363
What are the prime factors of 2961260?
2, 5, 148063
What are the prime factors of 3173180?
2, 5, 29, 5471
What are the prime factors of 39122241?
3, 23, 41, 13829
What are the prime factors of 29655049?
29655049
What are the prime factors of 473900?
2, 5, 7, 677
List the prime factors of 664184.
2, 83023
What are the prime factors of 15740057?
15740057
List the prime factors of 216570.
2, 3, 5, 7219
List the prime factors of 661687.
13, 23, 2213
List the prime factors of 417513.
3, 29, 4799
List the prime factors of 15575808.
2, 3, 17, 1193
What are the prime factors of 259628?
2, 47, 1381
What are the prime factors of 4486831?
19, 107, 2207
List the prime factors of 6807561.
3, 233, 9739
What are the prime factors of 22736969?
71, 320239
What are the prime factors of 29328261?
3, 73, 133919
What are the prime factors of 2885473?
19, 7993
List the prime factors of 1445147.
11, 79, 1663
List the prime factors of 1588014.
2, 3, 88223
List the prime factors of 832942.
2, 11, 37861
What are the prime factors of 1045579?
73, 14323
What are the prime factors of 2182614?
2, 3, 7, 157, 331
What are the prime factors of 3412419?
3, 19, 131, 457
What are the prime factors of 375853?
17, 22109
What are the prime factors of 243227?
243227
What are the prime factors of 52921?
11, 17, 283
What are the prime factors of 471336?
2, 3, 41, 479
List the prime factors of 3955482.
2, 3, 219749
What are the prime factors of 1231953?
3, 410651
List the prime factors of 3557963.
31, 114773
What are the prime factors of 12383255?
5, 2476651
What are the prime factors of 12108729?
3, 73, 55291
What are the prime factors of 59075?
5, 17, 139
List the prime factors of 10986465.
3, 5, 7, 19, 5507
What are the prime factors of 170863?
7, 11, 317
List the prime factors of 556049.
13, 42773
List the prime factors of 173939.
281, 619
List the prime factors of 283402.
2, 7, 31, 653
List the prime factors of 161355.
3, 5, 31, 347
What are the prime factors of 135701?
135701
What are the prime factors of 6374660?
2, 5, 17, 18749
List the prime factors of 2181350.
2, 5, 43627
List the prime factors of 384013.
7, 17, 461
What are the prime factors of 177921?
3, 53, 373
List the prime factors of 3869092.
2, 103, 9391
List the prime factors of 14791450.
2, 5, 29, 101
List the prime factors of 288368.
2, 67, 269
What are the prime factors of 3373122?
2, 3, 163, 3449
What are the prime factors of 56090?
2, 5, 71, 79
What are the prime factors of 7636260?
2, 3, 5, 127271
What are the prime factors of 3548960?
2, 5, 41, 541
What are the prime factors of 13517503?
13517503
List the prime factors of 252290.
2, 5, 25229
List the prime factors of 4348512.
2, 3, 7, 719
What are the prime factors of 285649?
7, 13, 43, 73
What are the prime factors of 13701391?
11, 43, 83, 349
What are the prime factors of 75096?
2, 3, 7, 149
List the prime factors of 652627.
652627
What are the prime factors of 2221474?
2, 463, 2399
List the prime factors of 1353210.
2, 3, 5, 43, 1049
What are the prime factors of 201039?
3, 19, 3527
What are the prime factors of 516881?
149, 3469
What are the prime factors of 8522804?
2, 2130701
List the prime factors of 1274624.
2, 13, 383
What are the prime factors of 10685875?
5, 85487
List the prime factors of 6043490.
2, 5, 604349
What are the prime factors of 2773567?
17, 163151
List the prime factors of 1771631.
53, 33427
List the prime factors of 10198307.
7, 19, 76679
List the prime factors of 13911599.
13, 53, 61, 331
List the prime factors of 24326785.
5, 7, 31, 3203
List the prime factors of 11974367.
11974367
List the prime factors of 5804714.
2, 2902357
What are the prime factors of 30283669?
13, 2329513
List the prime factors of 1091191.
1091191
What are the prime factors of 807192?
2, 3, 37, 101
What are the prime factors of 51868?
2, 12967
What are the prime factors of 1006195?
5, 61, 3299
What are the prime factors of 911109?
3, 303703
List the prime factors of 822587.
822587
What are the prime factors of 11235196?
2, 7, 149, 2693
What are the prime factors of 8773?
31, 283
What are the prime factors of 311717?
7, 44531
List the prime factors of 20107398.
2, 3, 3351233
List the prime factors of 177119.
37, 4787
List the prime factors of 281501.
11, 157, 163
List the prime factors of 2121143.
2121143
What are the prime factors of 819984?
2, 3, 11, 1553
List the prime factors of 5426207.
5426207
List the prime factors of 260108.
2, 65027
List the prime factors of 8839655.
5, 11, 19, 769
What are the prime factors of 14914585?
5, 7, 426131
What are the prime factors of 2423820?
2, 3, 5, 7, 29, 199
List the prime factors of 26334175.
5, 7, 29, 5189
What are the prime factors of 4467?
3, 1489
What are the prime factors of 21296748?
2, 3, 11, 161339
List the prime factors of 2445042.
2, 3, 17, 23971
What are the prime factors of 17052900?
2, 3, 5, 56843
What are the prime factors of 5042236?
2, 263, 4793
List the prime factors of 6672837.
3, 2224279
What are the prime factors of 4673255?
5, 23, 40637
List the prime factors of 96766.
2, 48383
List the prime factors of 35316954.
2, 3, 29, 2333
What are the prime factors of 5014849?
7, 127, 5641
List the prime factors of 1229766.
2, 3, 97, 2113
List the prime factors of 1591563.
3, 197, 2693
What are the prime factors of 202435?
5, 40487
What are the prime factors of 5259835?
5, 7, 67, 2243
List the prime factors of 1166560.
2, 5, 23, 317
List the prime factors of 2638224.
2, 3, 31, 197
What are the prime factors of 350648?
2, 53, 827
What are the prime factors of 21663525?
3, 5, 13, 17, 1307
What are the prime factors of 367273?
367273
What are the prime factors of 781079?
13, 60083
What are the prime factors of 933024?
2, 3, 9719
What are the prime factors of 20356745?
5, 131, 31079
List the prime factors of 9141918.
2, 3, 1523653
List the prime factors of 16837992.
2, 3, 233861
List the prime factors of 354943.
17, 20879
List the prime factors of 7809660.
2, 3, 5, 43, 1009
What are the prime factors of 540092?
2, 7, 19289
List the prime factors of 251939.
251939
What are the prime factors of 3263467?
59, 55313
What are the prime factors of 153647?
13, 53, 223
List the prime factors of 1604504.
2, 11, 18233
What are the prime factors of 1895?
5, 379
List the prime factors of 299751.
3, 41, 2437
List the prime factors of 528857.
7, 43, 251
What are the prime factors of 436515?
3, 5, 29101
List the prime factors of 566637.
3, 19, 9941
List the prime factors of 28800122.
2, 13, 41, 27017
List the prime factors of 4228260.
2, 3, 5, 19, 3709
What are 